test common factor of 6512 and 10805443.
407
What is the greatest common factor of 78 and 10636704?
78
Calculate the greatest common divisor of 306278 and 25050.
334
Calculate the highest common divisor of 1199800 and 756.
28
Calculate the highest common divisor of 1691682673 and 106.
53
Calculate the greatest common divisor of 222 and 442629261.
111
What is the highest common divisor of 1059863 and 71369?
667
What is the greatest common factor of 11180 and 307235?
215
What is the greatest common factor of 352 and 329310816?
32
Calculate the highest common factor of 163 and 2520143.
163
What is the greatest common factor of 76638 and 48018?
318
Calculate the highest common divisor of 120289 and 773110.
247
Calculate the highest common factor of 1380384 and 72.
72
What is the highest common factor of 18377726 and 12793?
1163
What is the greatest common divisor of 2846286 and 432?
54
What is the greatest common divisor of 145463736 and 3608?
3608
What is the greatest common divisor of 5090821 and 62512?
3907
Calculate the greatest common factor of 35376388 and 476.
68
Calculate the greatest common divisor of 301399800 and 255.
255
What is the highest common factor of 9122736 and 144?
48
What is the highest common divisor of 12 and 13439298?
6
What is the highest common divisor of 14909973 and 3393?
1131
Calculate the highest common factor of 22606762 and 254.
254
Calculate the highest common factor of 46 and 1220458.
2
What is the highest common factor of 951389 and 85?
1
Calculate the greatest common factor of 1363 and 112456853.
47
Calculate the highest common factor of 227408 and 95404.
244
What is the greatest common factor of 387375 and 273745?
5165
Calculate the greatest common factor of 704160 and 7560.
1080
What is the highest common factor of 330 and 309960?
30
What is the highest common factor of 3501 and 72999?
9
What is the highest common divisor of 297253486 and 105968?
13246
What is the greatest common factor of 1646869 and 1855?
371
Calculate the greatest common factor of 177800145 and 7330.
3665
What is the highest common divisor of 357645069 and 18?
9
Calculate the highest common divisor of 3 and 7548.
3
Calculate the greatest common factor of 189 and 1171765.
7
What is the highest common divisor of 284 and 55944237?
71
Calculate the greatest common factor of 785 and 65607474.
157
Calculate the greatest common divisor of 2771 and 647717.
17
What is the highest common factor of 17425 and 6838675?
425
What is the greatest common factor of 21303 and 448173?
81
Calculate the highest common divisor of 1100294672 and 2312.
2312
What is the highest common divisor of 11795 and 150976?
2359
What is the highest common factor of 967080 and 80520?
120
Calculate the greatest common factor of 2893 and 12973.
1
What is the greatest common factor of 104822404 and 328?
164
Calculate the highest common factor of 8628518 and 40606.
514
Calculate the greatest common divisor of 37750 and 18066848.
302
What is the greatest common divisor of 8175 and 25075?
25
Calculate the greatest common divisor of 151890 and 64574.
166
Calculate the greatest common divisor of 20849175 and 15.
15
Calculate the highest common factor of 352 and 5268571.
11
What is the greatest common factor of 22834 and 2651978?
98
What is the highest common divisor of 1302 and 95956532?
434
Calculate the highest common divisor of 2600714 and 2.
2
What is the greatest common divisor of 100827920 and 501?
167
What is the greatest common factor of 2 and 1007858?
2
What is the greatest common factor of 5355 and 7196049?
1071
What is the greatest common factor of 50278 and 60812?
46
What is the greatest common factor of 8120 and 188964?
116
What is the greatest common divisor of 9 and 4456197?
9
Calculate the highest common factor of 5460 and 7002260.
20
Calculate the greatest common divisor of 313 and 283994603.
313
What is the highest common divisor of 49 and 340928?
7
Calculate the greatest common factor of 981509 and 15221.
491
Calculate the greatest common factor of 33066 and 443553.
33
What is the highest common factor of 32384 and 3272808?
2024
What is the greatest common divisor of 111438 and 49774?
82
Calculate the greatest common divisor of 54610528 and 1360.
272
Calculate the greatest common divisor of 10 and 106352710.
10
What is the highest common factor of 40911 and 217457700?
3147
What is the greatest common divisor of 1909 and 818629?
83
What is the greatest common factor of 4179 and 2496256?
1393
What is the greatest common factor of 373726 and 21842?
134
What is the greatest common factor of 133083 and 164052?
837
Calculate the highest common divisor of 207100680 and 80.
40
What is the highest common factor of 442 and 415202203?
221
What is the highest common factor of 270 and 109213710?
30
Calculate the greatest common factor of 6216 and 2017068.
12
What is the highest common factor of 10840 and 631040?
40
Calculate the greatest common factor of 3465 and 35316765.
495
What is the greatest common divisor of 336579 and 27491?
743
What is the greatest common factor of 240 and 1512040?
40
Calculate the highest common factor of 117 and 44169827.
13
Calculate the greatest common factor of 3 and 13824211.
1
Calculate the greatest common divisor of 127716 and 1714944.
348
Calculate the greatest common divisor of 3191 and 892803508.
3191
Calculate the greatest common factor of 43624 and 17535784.
1064
What is the greatest common divisor of 638897505 and 60?
15
What is the greatest common divisor of 142848 and 2816?
256
What is the greatest common factor of 48 and 1346553168?
48
Calculate the highest common divisor of 246268 and 572924.
1276
What is the highest common divisor of 60306 and 45106?
38
What is the greatest common divisor of 75 and 392475?
75
Calculate the highest common factor of 1218 and 308966.
406
Calculate the greatest common divisor of 441023 and 38093.
11
Calculate the highest common divisor of 38931 and 3366933.
57
Calculate the greatest common divisor of 9731075 and 5649.
269
What is the highest common factor of 2150 and 81063170?
430
What is the highest common divisor of 34790 and 43535520?
490
Calculate the highest common factor of 1157 and 85876011.
1157
What is the greatest common factor of 185740 and 130795?
185
What is the greatest common divisor of 3362538597 and 1023?
1023
What is the highest common divisor of 460643088 and 48?
48
Calculate the greatest common factor of 1027638 and 1926.
18
Calculate the highest common factor of 3504 and 8643054.
438
What is the highest common divisor of 1626 and 11807470?
542
Calculate the highest common factor of 40337 and 2805.
11
What is the highest common divisor of 20 and 1220092?
4
Calculate the highest common factor of 1896 and 1568952.
24
What is the greatest common divisor of 103330 and 160?
10
Calculate the highest common divisor of 697155 and 41025.
15
Calculate the greatest common divisor of 4950 and 52404165.
495
What is the greatest common factor of 44837600 and 6400?
800
What is the highest common divisor of 25637116 and 1?
1
Calculate the greatest common factor of 4389 and 458277.
3
Calculate the greatest common divisor of 48 and 8712768.
48
What is the greatest common factor of 22104 and 218293578?
5526
Calculate the highest common factor of 4921 and 55858271.
4921
What is the greatest common divisor of 19 and 466508?
1
Calculate the highest common factor of 12131012 and 186006.
2138
Calculate the greatest common factor of 28 and 82667186.
14
Calculate the greatest common divisor of 68779656 and 6.
6
Calculate the greatest common factor of 1900 and 320300.
100
Calculate the highest common divisor of 42580732 and 2.
2
What is the highest common divisor of 80 and 54088576?
16
Calculate the highest common factor of 4298164 and 364.
52
What is the greatest common factor of 552 and 8669368?
8
Calculate the highest common divisor of 346704 and 23300.
932
What is the highest common factor of 876 and 1277674470?
438
Calculate the highest common divisor of 8917 and 11772127.
241
What is the highest common factor of 99118100 and 250?
50
Calculate the highest common divisor of 3812 and 11400.
4
Calculate the greatest common divisor of 3495380 and 224.
28
What is the greatest common divisor of 47377 and 265